 What is the greatest common divisor of a and 2?
1
Let x(d) = 7*d**2 + 13*d - 146. Let f be x(-18). What is the highest common divisor of 64 and f?
32
Let z(j) = -7*j - 123. Let y be z(-18). Let r(g) = 18*g**2 - 8*g + 5. Let s be r(y). Let k = 12 + 1. What is the highest common divisor of k and s?
13
Let u = 29 - 2. Suppose 2*x - 101 = -s, 28*s - 98 = u*s + x. Calculate the highest common divisor of s and 11.
11
Suppose -7136 = -2*x - 2*j, 0 = -j - 49 + 45. What is the highest common factor of 76 and x?
76
Let m = 32 + 177. Suppose -7*s + 2*s + 535 = -5*q, -2*s = 3*q - m. What is the highest common factor of s and 1696?
106
Let p(l) = -l + 138. Let g be p(27). Suppose -6*o + 273 = g. Calculate the greatest common divisor of o and 45.
9
Let s(y) = -145*y - 73. Let k(t) = 289*t + 141. Let a(j) = 3*k(j) + 5*s(j). Let x be a(5). Calculate the highest common divisor of 12 and x.
12
Let v be (3 + -3 + 0)/2. Suppose -152 = -4*w - v*p + 4*p, -3*p + 6 = 0. Suppose 3*l - w = -l. What is the highest common factor of l and 4?
2
Let s be ((-1125)/(-20))/15 - 2/(-8). Let h(q) = 7*q**2 - 20*q - 3. Let a be h(s). Calculate the greatest common divisor of a and 464.
29
Suppose 10 = 20*u - 15*u. Let w be u/(125/(-65) + 2). What is the highest common factor of w and 338?
26
Let u = 9000 + -7077. What is the highest common factor of 12 and u?
3
Let p be 4*(-4)/104 + (-54)/(-13). Suppose -y + 2 = v - 2, -4*y - p = -v. Let a be (v/(-8))/((-5)/50). What is the highest common divisor of 35 and a?
5
Suppose 5*i - 120 = -15*i. Let m = 136 - i. Calculate the highest common factor of m and 26.
26
Let i = -315 + 2853. What is the highest common factor of 9 and i?
9
Suppose 0 = 5*w + 5*l - 450, -4*l - 152 - 153 = -3*w. Calculate the highest common factor of w and 2071.
19
Suppose -4915 + 23200 = 23*b. Calculate the greatest common divisor of 159 and b.
159
Suppose -5*a - 2*y = -840, 5*y + 170 + 670 = 5*a. What is the greatest common divisor of 72 and a?
24
Let s = -197 + 199. Suppose 2*o + 71 = 3*g, g - 37 = s*o - 4*o. What is the highest common divisor of 18 and g?
9
Let l(p) = p**3 + 6*p**2 + 6*p + 14. Let w be l(-5). Let j = w - -61. Calculate the highest common factor of j and 35.
35
Suppose 18*z - 107355 = -0*z + 73005. Calculate the highest common divisor of 60 and z.
60
Suppose 4*v + 4*r + 6 = 5*r, -4 = v + r. Let f = 22 + v. What is the highest common factor of f and 70?
10
Let b(g) = -2*g**3 + 38*g**2 - 4*g + 45. Let r be b(19). Let o be (-2)/3*(1 - -2)*r. Calculate the highest common factor of o and 93.
31
Let y(s) = -6*s**3 - 2*s**2 - 237*s - 1406. Let k be y(-6). What is the greatest common factor of 280 and k?
40
Let j(c) = 252*c + 2582. Let r be j(-9). What is the greatest common divisor of 785 and r?
157
Let t be 10 + (1 - -15) + -9. What is the greatest common divisor of 629 and t?
17
Suppose -66726 = 479*m - 252595 - 107279. What is the highest common factor of m and 78?
6
Let j(q) = q**3 + 29*q**2 - 174*q + 150. Let d be j(-34). What is the greatest common factor of 3575 and d?
143
Suppose q + 20 - 105 = 0. Suppose 4*k - q = -k. Suppose 0 = -5*r + a + 336, -332 = -5*r - a + 3*a. What is the greatest common factor of r and k?
17
Let i be (-11 - -6)/(2/(-158)). Let y be 10/85 - (7 - 9)/68*166. Calculate the greatest common factor of y and i.
5
Suppose -4*x - 681 = -5*y + 31, -4*y - 4*x + 584 = 0. Let n be 5 + -5 - (-6 - 3). What is the highest common divisor of y and n?
9
Let r = -12133 - -12469. Calculate the greatest common factor of r and 36.
12
Suppose d - 12 = -7. Suppose -3*n + 0*n = -2*s - 362, -d*s = 3*n - 397. Calculate the highest common divisor of 4 and n.
4
Let w(l) = 21*l + 29. Let r(b) = 12*b + 14. Let c(z) = -5*r(z) + 3*w(z). Let v be c(41). Calculate the greatest common divisor of 10 and v.
10
Let z = 14545 + -14337. Calculate the highest common divisor of 46 and z.
2
Let f(o) = 2*o**3 - 5*o**2 + 37*o - 12. Let t be f(5). Let j = -288 + t. Calculate the highest common factor of j and 170.
10
Suppose 6*i = 2*m + 4*i - 206, 5*i = 4*m - 407. Let v = m + -106. Calculate the greatest common factor of 22 and v.
2
Let w(a) = 29*a - 105. Let b be w(9). Let h be (864/(-84))/(57/21 + -3). What is the greatest common factor of b and h?
12
Suppose -1983 = -n + 2*u - 270, 4*u = n - 1701. What is the highest common divisor of n and 414?
69
Let i = -9746 + 11752. What is the greatest common factor of 236 and i?
118
Let l = 10404 + -10368. Calculate the greatest common factor of l and 138.
6
Let m(k) = 87*k - 11. Let v be m(2). Suppose u - 6*u + 4*j + 695 = 0, 0 = u + 4*j - v. Suppose 0 = 2*w - 26. What is the greatest common factor of u and w?
13
Let s(o) = o**3 - 8*o**2 - 2*o - 6. Let j be s(9). Suppose -2*p = -0*p + 24. Let g = j + p. Calculate the greatest common divisor of 5 and g.
5
Let h(z) = -2*z**3 - 100*z**2 + 12. Let c be h(-50). Calculate the highest common factor of c and 1740.
12
Let m be 12/22*4 + -2 + (-620)/(-341). Let p(q) = -q**3 + q**2 + 2*q - 4. Let f be p(-3). Calculate the highest common divisor of f and m.
2
Suppose -436 = -3*n - 142. Let x = 88 - 18. Calculate the greatest common divisor of x and n.
14
Suppose 5*i = 4*x - 63, -3*i - 23 = -0*x + 5*x. Let v be (240/(-330))/(2/i). What is the greatest common factor of v and 36?
4
Let c(p) = p**2 - 7*p - 7. Let l be c(8). Let b be (l*(-1)/2)/(6/(-12)). Let u be 2 + (8 - (b + 1)/2). Calculate the highest common divisor of u and 6.
3
Let o(h) = 2*h + 3. Let z be o(0). Let t be 1*(-5 + 2)*-1. Suppose -z*q - 273 = -t*j, -3*j - 3*q = -298 + 25. What is the greatest common divisor of j and 13?
13
Let p(i) = 16*i + 28. Let v be p(14). Suppose 7*a = 19*a - v. What is the greatest common divisor of a and 84?
21
Suppose 41*b - 3448 = 22*b + 1378. Calculate the highest common factor of b and 635.
127
Suppose -g - 92*q + 89*q + 206 = 0, -3*q = 3*g - 612. Calculate the greatest common divisor of 7 and g.
7
Let i = 699 + -699. Let u(x) = x**3 + 2*x**2 + x + 47. Let m be u(i). Calculate the highest common divisor of m and 235.
47
Let r be 14/(-6)*(-5037768)/3486. Calculate the highest common divisor of r and 72.
12
Suppose -3*u = -11*u - 16. Let v be ((-5)/u)/(6/(-12)). Let f be (-9)/(((v + 2)/3)/1). Calculate the highest common divisor of 3 and f.
3
Let j(z) = -3*z**3 - 181*z**2 + 115*z + 73. Let s be j(-61). Calculate the highest common factor of s and 20.
20
Let k be -14 + (338 - (12 + -9)). Calculate the highest common divisor of 21 and k.
3
Let m(v) = 13*v + 137. Let q be m(-8). Suppose 0 = 4*d - k - 237, -d = -2*d - 5*k + q. Calculate the highest common factor of d and 232.
58
Let m = -105 - -153. Suppose 39*j - 103*j + 103*j - 12480 = 0. What is the highest common divisor of m and j?
16
Let q = -3651 - -3831. Calculate the greatest common factor of 2460 and q.
60
Suppose 42*x = 1848 + 10752. What is the greatest common divisor of x and 625?
25
Suppose 9*k + 16*k - 2856 = -9*k. Calculate the highest common factor of 868 and k.
28
Let d be (-6)/8 + 60/16. Suppose -d*t + j + 29 = 0, -53 + 1 = -5*t - 2*j. What is the highest common factor of t and 235?
5
Let n(y) = -y**3 + y**2 + y + 7. Let b be n(-3). Let d be (-10 + 12)/((-2)/(-76)). Let v = 86 - d. What is the highest common factor of v and b?
10
Let g(c) = 291*c + 726. Let f be g(14). Calculate the greatest common divisor of 72 and f.
24
Let t be (24 - 26)*4*4. Let w be (t/48)/(4/(-342)). What is the greatest common divisor of w and 171?
57
Let m = -937 + 561. Let t = -296 - m. Calculate the highest common factor of t and 40.
40
Let f(y) = y**2 - 16*y + 28. Let w(k) = -k - 1. Let i(o) = f(o) - 6*w(o). Let v be i(9). What is the highest common factor of v and 275?
25
Let t = -145 + 216. Let i = 138321 + -138250. What is the greatest common divisor of t and i?
71
Let h = -10163 - -10250. Calculate the greatest common factor of 126 and h.
3
Suppose 300*g - 9555 = 209*g. Calculate the highest common factor of 930 and g.
15
Let x(q) = -3*q**3 - 11*q**2 - 15*q - 30. Let g be x(-6). What is the highest common divisor of g and 24180?
156
Suppose 85*i + b - 43 = 81*i, -63 = -4*i + 3*b. Calculate the greatest common divisor of i and 531.
3
Suppose -9685 = 1384*l - 1533*l. Calculate the greatest common factor of 1345 and l.
5
Let u = 10 - -46. Let n =